u = 16 + b. What are the prime factors of u?
3, 7
List the prime factors of (-2)/((-16)/(-10) - 2).
5
Suppose 88 = i - 2*w, -2*i + 86 + 62 = 3*w. Suppose -3*m = -h - i, -3*h + 44 = m + h. What are the prime factors of m?
2, 7
What are the prime factors of 3*-1 + 18/6 - -23?
23
Let x = -34 - -47. What are the prime factors of x?
13
Let t(x) = x**2 - 15*x - 49. List the prime factors of t(21).
7, 11
Suppose 0 = -6*w + 5*w - 3. Let v(p) = -6 - 5*p + 4 + 2*p. What are the prime factors of v(w)?
7
Let w be (-1)/(-2 - (-10)/6). Suppose w*z + 113 = 6*z - 2*y, y + 109 = 3*z. Suppose p + 4*p = z. What are the prime factors of p?
7
Suppose h - 26 = 57. List the prime factors of h.
83
Suppose -12 = -4*b + 104. What are the prime factors of b?
29
Let d(g) = g**3 + 4*g**2 - g - 2. Let k be d(-4). Suppose -c - 4 = 4*m, -6*m + 2*m - 28 = -k*c. List the prime factors of c.
2
Let y = -37 - -166. List the prime factors of y.
3, 43
Let u be 6/3 + 1 + 2. Let c(f) = f**3 - 4*f**2 - 5*f + 6. List the prime factors of c(u).
2, 3
Suppose 5*a - 75 = -3*c, 2*a + 0*a - c - 41 = 0. List the prime factors of a.
2, 3
Let m be ((-23)/(-2) - -1)*2. List the prime factors of 5/m + 98/10.
2, 5
Suppose 5*c = 2*n + 23 - 6, 5 = c. Let l = -6 + n. List the prime factors of l/(-8) - 55/(-20).
3
What are the prime factors of (-9)/15*-5*(-7)/(-1)?
3, 7
Let a(l) = -3*l**3 - 2*l**2 - 2*l - 2. Let m be a(-2). Suppose 1 = -u - 1. What are the prime factors of (u + -2)*m/(-8)?
3
Let b = 9 - -1. Let i = b - 0. What are the prime factors of i?
2, 5
Suppose l + 0*l = 3. Suppose l*o - 33 = -0*o. Let n = -6 + o. List the prime factors of n.
5
Let o be ((-3)/(-2) + 0)*40. Let p = o - 32. List the prime factors of p/5 - 8/(-20).
2, 3
Let w = 7 - 4. Let j = 4 - w. Suppose 3*g + j = 22. What are the prime factors of g?
7
Let k(d) = 5 + d - 4 + 2 + 2. Let b be k(-7). List the prime factors of (3 + -4)/b*14.
7
Suppose -q - 2 + 21 = 0. What are the prime factors of q?
19
Let f(h) = h + 1. Suppose m = -3*d + 5, -d = -5*m + 4*m + 5. Let y be f(m). Let i = y - -2. What are the prime factors of i?
2
Let w(h) = h**3 - 10*h**2 + 2*h - 8. What are the prime factors of w(11)?
3, 5
Let l be 1 - ((-2 - 1) + -36). Suppose 5*z - 3*t - l = -8*t, 3*t = -15. List the prime factors of z.
13
Let t(o) = -o - 12. Let v(y) = -y - 13. Let g(p) = -5*t(p) + 4*v(p). Let l be g(-6). Suppose l*h + 2*h = -5*j + 52, 3*j - 38 = h. List the prime factors of j.
2, 3
Suppose -4*w = 5*y + 17, y = -3 - 2. List the prime factors of w.
2
Suppose -2*d = 2*c, 0 = 4*c - d - 1 - 9. Suppose 0 = -4*n + c + 18. Suppose 95 = 5*x - 5*i, -2*i = n*x + 2*i - 131. List the prime factors of x.
23
Let v(o) be the third derivative of -o**6/120 - 2*o**5/15 + o**4/4 + 3*o**3/2 - 2*o**2. Let z be v(-6). What are the prime factors of z/(-6) - 2/4?
2
Suppose -a + 4 - 13 = 5*p, 5*p = -3*a + 3. List the prime factors of a.
2, 3
Let b(k) = k**3 - 4*k**2 + k - 4. Let s(p) = 3*p**3 - 8*p**2 + 3*p - 9. Let z(a) = -5*b(a) + 2*s(a). Let o be z(-3). Let n = o - 5. List the prime factors of n.
3
Let w be (0 - -1)/((-3)/(-78)). List the prime factors of 4/w + (-100)/(-26).
2
Let a(z) = -z**3 - 5*z**2 - 2*z + 6. Let r be 5/(1 - (5 + -3)). What are the prime factors of a(r)?
2
Let x = -63 - -130. What are the prime factors of x?
67
Let q be 1250/35 + 4/14. Suppose -3*r - r = q. List the prime factors of -3*(6/r - 1).
5
Suppose 3*i + 3 = -3. Let x be (-2 + 2)/(i/(-2)). Suppose -4*f + a + 19 = x, -2*f + 2*a + 0 = -2. What are the prime factors of f?
2, 3
Let s(n) = -n**3 - 2*n**2 + 5*n + 1. Let p be s(-4). Let o = 0 - 1. Let u = p + o. List the prime factors of u.
2, 3
Suppose 0*x + 2 = 3*q - x, 4*q - 9 = -5*x. Suppose -2*f + 5 = q. List the prime factors of f.
2
Let q(s) = -5*s - 3. Let y(p) = -21*p - 13. Let a = -1 - 1. Let l(m) = a*y(m) + 9*q(m). List the prime factors of l(-3).
2
Let f be (-1 - -1)/(-3 + 1). Suppose f*u + 3 = u. Suppose -10 = -3*d - 2*d - 2*c, -4*d + 8 = u*c. What are the prime factors of d?
2
Suppose 4*j = a - 82, -5*j = -j - 16. What are the prime factors of a?
2, 7
Let j = -5 - -8. Suppose -7*b + 8 = -j*b. List the prime factors of b.
2
Let r = -228 + 340. What are the prime factors of r?
2, 7
Let g(s) = -4*s - 1. Let v be g(-2). Suppose v + 6 = n. What are the prime factors of n?
13
Let k(x) = 40*x + 2. What are the prime factors of k(2)?
2, 41
Suppose 6*y - 3*y - 6 = 0. List the prime factors of (-6)/y*6/(-6).
3
Let o(k) = -k**2 + 1. Let g = 1 - 1. Let i be o(g). Suppose 2*x - x - i = 0, 0 = -2*n - x + 25. List the prime factors of n.
2, 3
Suppose s - 8 = -s. Suppose 147 = s*a + r, -2*a - 186 = -7*a - 2*r. List the prime factors of a.
2, 3
Let l(h) = h + 5. Let j be l(-4). Let a = 2 + j. What are the prime factors of a?
3
Let s(y) = -y + 6. Let a be s(5). Let n = 18 + a. List the prime factors of n.
19
List the prime factors of -1*(1 - -94)*(-12)/30.
2, 19
Let h = 40 - 28. List the prime factors of h.
2, 3
Let v(n) = 1 + 4*n + n**2 + 0*n**2 - 8*n. Let l(f) = f**2 - 3*f + 1. Let k(p) = 4*l(p) - 3*v(p). What are the prime factors of k(-3)?
2, 5
Suppose 2*d + 0 = 20. List the prime factors of d.
2, 5
Let w = -26 - -42. Let y(z) = -z**2 + 5*z + 4. Let s be y(6). Let u = w + s. List the prime factors of u.
2, 7
List the prime factors of (-9 - -1)/((-7 - -2)/240).
2, 3
Let o = -1 - 1. Let n = o + 21. Suppose 2*c + 5*z + 13 = 5*c, 4*c = 5*z + n. What are the prime factors of c?
2, 3
Suppose 3*p + n = 3 - 2, -4*n + 21 = -5*p. Let t = p - -4. What are the prime factors of t?
3
Suppose -3*j + 8*j - d - 27 = 0, -3*j + 27 = 3*d. Suppose 0 = 4*o - 18 - j. What are the prime factors of o?
2, 3
Let m(a) = 5*a**2 - 2*a + 1. List the prime factors of m(-2).
5
Let p(a) = -a + 1. Let x be (-7 + 1 - -1)/1. Let h be p(x). Suppose -m + h + 3 = 0. List the prime factors of m.
3
Suppose 0 = 3*a - 22 - 14. List the prime factors of a.
2, 3
Let w be (-4)/(1 + (-6)/9). Let s(u) = -11 - u + 6 + 5 + 8. What are the prime factors of s(w)?
2, 5
Let g be ((-4)/(-5))/((-1)/(-30)). Suppose 0*u - 4*u = -g. List the prime factors of u.
2, 3
Suppose -s - u + 4 = -2, 0 = 2*s - u - 18. Suppose -5*f + 2*f = -l - s, 4*f - 2*l - 12 = 0. Let g = f - -1. List the prime factors of g.
3
What are the prime factors of 2 - -34 - (-17 - -18)?
5, 7
Let o = 8 - 5. List the prime factors of o + -4 - (-18 - 0).
17
Let v(u) = -u**3 + 7*u**2 + 5. Let z be v(7). Let i = 0 + z. List the prime factors of i/(10/4) + 14.
2
Let q(w) = w**3 + 2*w + 1. What are the prime factors of q(3)?
2, 17
What are the prime factors of 52*(28/(-16) + 3)?
5, 13
Suppose -q + 62 = q - 4*p, 15 = -3*p. List the prime factors of q.
3, 7
Let w(i) = -2*i - 2. Suppose -a + 5*f - 6 = -1, 0 = -4*a + 3*f - 20. What are the prime factors of w(a)?
2
Suppose -4*s = 4*l + 20, 0*l - 3*s = 4*l + 21. List the prime factors of l/(-15) - (-83)/5.
17
Let g = -2 - -5. Suppose g*x = -4*t + 34, 3*t = -2*x + 3*x + 19. List the prime factors of t.
7
Let a = -8 + 2. Let g = 70 + -56. Let t = g + a. List the prime factors of t.
2
Let p(v) = -v**2 - 13*v + 10. What are the prime factors of p(-11)?
2
Let g be 0 - (-3 - -2 - 1). Suppose g + 11 = c. What are the prime factors of c?
13
Let a = 0 - -23. What are the prime factors of a?
23
Let l be 1*(0 + -1)*-13. Let h = l - 8. List the prime factors of h.
5
Suppose 0 = 5*d + 5*i - 120, -d - 5*i + 12 = -0*d. Suppose -2*s + d = s + 5*w, 3*w - 5 = s. List the prime factors of s.
2
Let n = 19 + -15. What are the prime factors of n?
2
Let w(r) = -2*r - 4. Suppose -4*t = -3*u - 4 - 3, -5*u + 5*t - 15 = 0. What are the prime factors of w(u)?
2, 3
Let j = -22 + 43. List the prime factors of j.
3, 7
Let y = 777 + -509. List the prime factors of y.
2, 67
Suppose -929 = -7*y - 145. List the prime factors of y.
2, 7
What are the prime factors of -32*(9/(-27) + (-1)/6)?
2
Let x(r) = -7*r**2 - r + 2. Let o be x(3). List the prime factors of (1 - 3)/(8/o).
2
Suppose 28 = 5*j + l, -2*l = -j + 3*l + 16. Suppose -5*v + j*v - 8 = 0. Suppose q - v = -3*q. What are the prime factors of q?
2
Let h = -126 - -190. Suppose h = -2*d - 2*d. What are the prime factors of -2*4/(d/18)?
3
Suppose a - 5 - 15 = 0. Suppose -8 - a = -2*k. What are the prime factors of k?
2, 7
Suppose -6*q + 156 = -3*q. List the prime factors of q.
2,